t q(m) = 2*m + 8. Let o be q(4). Suppose o*i - 285 = 13*i. Calculate the remainder when i is divided by x(-5).
23
Suppose 3*s = -s + 4. What is the remainder when 32 is divided by (-605)/(-66) + (2/(-12))/s?
5
Suppose -23 + 148 = 5*y. What is the remainder when 167 is divided by y?
17
Let c = 68 - 58. Let p(a) = a**2 - 10*a + 20. Calculate the remainder when c is divided by p(8).
2
Suppose -2*u + 5*z + 167 = 0, -5*u - 2*z + 206 + 197 = 0. Suppose -d + 6*d - 225 = 0. Suppose -d = -3*x + u. Calculate the remainder when x is divided by 22.
20
Let n = -29 - -32. Suppose -6 = -j - 5*h, 13*j - 10 = 12*j - 3*h. What is the remainder when j is divided by n?
1
Let u = 122 + -122. Suppose u = 8*j - 10*j + 196. What is the remainder when j is divided by 20?
18
Let o(w) = 1 + 4 + w**2 + 11*w + 0 + 4*w. What is the remainder when 27 is divided by o(-15)?
2
Let l(r) = r**2 + 2*r + 1. Let a be l(2). Let g(j) = -3 - 186*j + 4*j**3 + 10*j**2 - 5*j**3 + 180*j. Calculate the remainder when g(a) is divided by 13.
11
Suppose 0 = 3*f + 5*t - 238, 6*f - 12*f + 448 = -4*t. Calculate the remainder when 448 is divided by f.
68
Let d = 1962 + -1215. Calculate the remainder when d is divided by 34.
33
Let n(b) = 2*b + b**2 - 7 + 2*b - 3*b. Let h(j) = -j**3 + 8*j**2 + 10*j + 3. Calculate the remainder when n(5) is divided by h(9).
11
Suppose j - 166 = 3*j + 2*v, 0 = -4*v - 4. Let z = -72 - j. What is the remainder when 78 is divided by z?
8
Let w(y) = y - 1. Let v be w(7). Let s be v + -23 - (-5 + 2). Calculate the remainder when (-107)/(-7) - s/(-49) is divided by 4.
3
Suppose 207 = -7*r + 711. What is the remainder when r is divided by 60?
12
Let d = 6 - -24. Suppose 0 = 2*a - d - 28. What is the remainder when 56 is divided by a?
27
Suppose 5*s + 5*l = 155, 3*s - l = -2*s + 161. Calculate the remainder when (268 + -3)*9/15 is divided by s.
31
Let z(d) = -8*d**2 + 155*d + 125. Let o = -21 - -31. Calculate the remainder when z(20) is divided by o.
5
Suppose 8 = -u - 2*s, -2*u = 2*s - 4*s + 40. Let i(j) = -j**3 + 8*j**2 - 7*j + 6. What is the remainder when i(5) is divided by (-6)/u + (-2625)/(-168)?
14
Suppose -4*w = -2*k - 36, k + 3*w + 25 + 8 = 0. Let o = k - -34. Suppose 0 = -3*r + 23 + o. Calculate the remainder when 43 is divided by r.
10
Suppose -4*f + 4*y = 1228, 3*f = 2*y - 6*y - 956. Let g = -222 - f. Suppose -2*d = x - 17, 2*x + d = -9 + 52. What is the remainder when g is divided by x?
21
Suppose 4*u - 4*m - 12 = 0, -u + 7 = 3*u + m. What is the remainder when 54 is divided by u?
0
Suppose -4*d + 3*s = -525, 114 = 4*d - s - 421. Suppose -7*x + 2*x + d = 0. Calculate the remainder when 78 is divided by x.
24
Let v(j) = -j**3 - 10*j**2 + 9. Suppose 2*g + 21 = 2*u + 7*g, -24 = -4*u - 4*g. What is the remainder when v(-10) is divided by u?
0
Calculate the remainder when 197 + 9 + (-1 - 8) is divided by 68.
61
Let z(w) = w**3 - 18*w**2 + 19*w - 23. Let y be z(17). Suppose y*s = -4*l + 15*s + 124, -5*l + 175 = -s. Calculate the remainder when 321 is divided by l.
33
Let v(j) = j**2 + 7*j - 5. Let z be v(-8). Suppose -3*q + z = -0. What is the remainder when (q*(3 - -34))/1 is divided by 13?
11
Suppose 6*m - 113 - 25 = 0. Suppose 0 = 5*f - 27 - m. Calculate the remainder when 29 is divided by f.
9
Suppose -25*p + 3234 = -4*p. What is the remainder when 323 is divided by p?
15
Let p = 73 + -16. Suppose 3*r - 4*r - 92 = -3*k, 130 = 4*k - 5*r. What is the remainder when p is divided by k?
27
Let d(n) = n**2 - 3*n + 5. Let o be d(2). Suppose 0*g = o*g. Suppose g*s = 6*s - 228. Calculate the remainder when s is divided by 10.
8
Let b be (-4)/8*(5 + -5). Suppose 5*s = -h + 47, -179 = -b*h - 5*h + 3*s. What is the remainder when 147 is divided by h?
36
Let k = -21 - -15. Let n(j) = -5*j - 12. Let g be n(k). Suppose 0 = 3*z - 0 - g. What is the remainder when 27 is divided by z?
3
Let s(k) = 3*k**2 + k - 3. Let u = -361 + 440. What is the remainder when u is divided by s(3)?
25
Let v = -65 + 62. Let f(p) = 4*p**2 + 3*p. Calculate the remainder when f(v) is divided by 7.
6
Calculate the remainder when 392 is divided by ((-4)/12)/((-3)/396).
40
What is the remainder when 5 + (2 - -81) + 24/8 is divided by 1?
0
Let d(a) = a**3 + 8*a**2 + 10. Let p = -2 - 4. What is the remainder when d(p) is divided by 17?
14
Let z be (-2)/(-5) + (-2896)/(-10). What is the remainder when 2/((-2)/z*-5) is divided by 16?
10
Suppose -5*w = 7*z - 5*z - 215, -z - 2*w = -109. What is the remainder when z is divided by 41?
33
Let j(i) = -2*i + 4. Calculate the remainder when ((-8)/(-8))/((-1)/(-39)) is divided by j(-3).
9
Let i(y) = 6*y**2 - 8*y + 7. Let w be i(1). Suppose w*x - 280 = 865. Calculate the remainder when x is divided by 29.
26
Let z(i) = i**2 + 2*i. Let f be z(-2). Suppose -4*w - 16 = -3*t + 83, f = -t - w + 33. What is the remainder when t is divided by 12?
9
Suppose 0 = -r + 5*r + 16, 0 = -g + r + 35. Calculate the remainder when g is divided by 11.
9
Suppose -59*p + 52*p = -56. Suppose -3*q + 267 = 4*c, -3*q - 15 = -6*q. What is the remainder when c is divided by p?
7
Suppose 3*d + 2*y = 25, 0 = 20*d - 23*d - 5*y + 13. What is the remainder when 130 is divided by d?
9
Calculate the remainder when 153 is divided by (-10)/(-4) + -1 - (-399)/6.
17
Suppose 4*f + 0*g - 18 = 3*g, -18 = -2*f - 3*g. Let u(t) = t**3 - 3*t**2 - 14*t - 5. What is the remainder when u(f) is divided by 10?
9
Let k(o) be the first derivative of -9*o**2/2 - 6*o + 5. Let p be k(-6). Suppose -4*s = -0*s - p. Calculate the remainder when 46 is divided by s.
10
Let t(q) = -2*q**3 - 3*q**2 + 8*q + 10. Suppose 0 = -68*r + 62*r + 90. What is the remainder when t(-4) is divided by r?
13
Suppose -12*s + 459 = 147. What is the remainder when 181 is divided by s?
25
Suppose -5*n = -0*n + 3*z - 65, 3*z + 15 = 3*n. Calculate the remainder when 47 is divided by n.
7
Let f = -111 + 119. Let d(t) = -9*t**2 + 1 + t**3 + 0*t - 4 + 10*t. Calculate the remainder when 49 is divided by d(f).
10
Suppose 3*l + k = 15, -k = 4*l + 2 - 23. Calculate the remainder when 27 is divided by l.
3
Suppose 110 = 3*j + 4*k - 25, 0 = 4*k - 12. Suppose -j = -3*y + 16. What is the remainder when 72 is divided by y?
15
Let z be -1 + 2 + -3 - -3. What is the remainder when z*13 + (-12 - -9) is divided by 7?
3
Suppose 0 = 3*z - 4*z + 2*j + 31, 5*j = -15. Suppose -2*f - q + 418 = f, 0 = 2*f - q - 272. Let m = -40 + f. Calculate the remainder when m is divided by z.
23
Suppose -2*t - 52 = -6*t. Let x(h) = -h**3 + 12*h**2 + 4. Calculate the remainder when t is divided by x(12).
1
Let s(u) = -u**3 + 9*u**2 + 56*u - 386. Calculate the remainder when 320 is divided by s(10).
24
Suppose -36*f - 12 = -37*f. Calculate the remainder when ((-1)/(-4))/1 - (-285)/f is divided by 7.
3
Let l(b) = 2*b**2 - 45*b + 40. Let g(n) = n**2 - 23*n + 20. Let k(v) = 7*g(v) - 4*l(v). What is the remainder when 25 is divided by k(17)?
11
Suppose -5*m = 3*b - 124, 3*m - 38 = 2*m - 5*b. What is the remainder when 154 is divided by m?
16
Suppose 2*a - 2*z = 16, -3*a + 6*z = 4*z - 22. Calculate the remainder when 58 is divided by 18/a - (3 - 20).
18
Suppose -f + 30 = -5*o - 6*f, 0 = 5*o - 5*f + 10. Suppose 2*h - 17 = w, -16 = -h - 3*w + 6*w. What is the remainder when 25/(-2)*o/5 is divided by h?
3
Let w = -837 - -844. What is the remainder when 214 is divided by w?
4
Let b(q) = 8*q - 41. Let y be b(-8). Let w = -96 - y. What is the remainder when w is divided by 5?
4
Suppose 7 - 3 = -4*o. What is the remainder when 61 is divided by 14 - (o - -3 - 4)*1?
13
Suppose 0 = 4*o - 61 + 9. Let w = -13 + o. Suppose -l + 16 + 7 = w. What is the remainder when l is divided by 12?
11
Suppose 4*c - 4*w - 596 = 0, 5*w + 402 = 4*c - 197. Let h = c - 130. What is the remainder when 30 is divided by h?
14
Suppose 9 = 5*a + 3*r, 7 = 2*a + 4*r - 5. Suppose a = 3*w - 26 + 2. Calculate the remainder when 63 is divided by w.
7
Suppose 2*g - 1242 = -2*g - 2*p, 4*p = 5*g - 1572. What is the remainder when g is divided by 53?
47
Let r(p) = -23*p + 538. What is the remainder when 20 is divided by r(23)?
2
Let m(s) = 8*s**2 + 2*s. Suppose 5*a = -3*d + 354, 0*a - 63 = -a + 2*d. Suppose -10 - 5 = 5*b, -3*r = 4*b - a. What is the remainder when r is divided by m(1)?
7
Let j = 5 + -14. Let t = -2 - j. What is the r